vative of -t**4/12 - 5*t**3/3 - 15*t**2. Determine z(-7).
4
Suppose 2*g - 30 = -g. Let u = -5 + g. Let p(o) = -4*o**2 - o**3 - 5*o + 1 + 2*o**3 - o. Determine p(u).
-4
Suppose 12 = -h + 5*h. Suppose -h*u = -u. Let w(t) = 2 + t + u*t + 1. Calculate w(-3).
0
Let q(u) = -1. Let b(g) = g**2 - 8*g + 6. Let l(v) = b(v) + 2*q(v). What is l(4)?
-12
Let u(h) be the third derivative of h**4/12 - h**3 + h**2. Let c be u(5). Let s(g) = -g**2 + 3*g - 5. What is s(c)?
-9
Suppose 5*a - 27 = -2*c, 2*c - 5*c = 2*a - 13. Let n = 7 + 0. Let l = n - a. Let w(i) = -2*i**3 + 4*i**2 - 4*i + 3. Determine w(l).
-5
Let c(p) = 3*p**3 - 2*p**2 + 4*p + 4. Let v(w) = -w**3 + w**2 - 2*w - 2. Let g(h) = h**2 + h - 2. Let m be g(0). Let q(k) = m*c(k) - 5*v(k). Calculate q(-2).
2
Let g(v) = -140*v + 4 + 132*v + 1 + v**2. What is g(6)?
-7
Let h(x) = 4*x**2 - 4*x + 3. Let w(t) = -t**3 + 2*t**2 + 3*t - 3. Let i be w(2). Suppose 3*m + 3*j = -i, 4*m + 5*j + 6 = -1. Calculate h(m).
11
Let i(y) = 2*y**3 - 3. Let n(k) = -4*k**3 - k**2 + 5. Let o(p) = -5*i(p) - 3*n(p). Calculate o(-2).
-4
Let p = -2 + -1. Let w(n) = n**3 + 5*n**2 + 3*n - 2. Determine w(p).
7
Suppose 0 = -2*g + 3*w - 0 + 4, 4*g - w = 8. Let p(z) = 3*z + 17. Let o be p(-7). Let q = g + o. Let j(k) = -2*k**2 + k + 1. Determine j(q).
-9
Let w(j) = -2*j**2 - 5*j + 1. Let u(f) = f + 2. Let p be u(0). Suppose 4*h + p = -14. Calculate w(h).
-11
Let b(h) = -h - 2. Let l(o) = -2*o - 24. Let n be l(-14). What is b(n)?
-6
Suppose -2 = 4*j - 2*a, 0 = -0*j - 3*j + 3*a. Let h(n) be the first derivative of -11*n**3/3 - n**2 - n - 1. Calculate h(j).
-10
Suppose 5*o - 3*n = 10, -8 = -4*o - 0*n - 3*n. Let z(w) = 10*w**2 - 5*w + 3*w**2 + 10 - 14*w**o. What is z(-7)?
-4
Suppose -2*y = 2*k, -5*y + 3 = 4*k + 4. Let z(o) = 8*o**2 + o. What is z(k)?
9
Let p(v) be the third derivative of 0 + 0*v + v**2 + 1/24*v**4 - 2/3*v**3. Calculate p(6).
2
Let n(d) = -d**2 - 4*d + 19. Let k be n(-6). Suppose k*l + 5 = 2*l. Let v(s) = -11*s - 1. Calculate v(l).
10
Suppose 2*g - 16 = -4*s, 0 = 3*s - 5*g - 8 - 4. Let f be (2/4)/(2/s). Let b(q) = 7*q + 2. Let a(x) = -13*x - 3. Let z(y) = -3*a(y) - 5*b(y). Calculate z(f).
3
Let i(n) = -5*n**3 + 12*n**2 - 5*n + 7. Let q(g) = -4*g**3 + 12*g**2 - 4*g + 6. Let l(c) = -5*i(c) + 6*q(c). Determine l(-12).
-11
Let q(u) = -2*u + 19. Let g be q(9). Let v(b) = -3*b + 1. Determine v(g).
-2
Let n(m) be the second derivative of -m**7/2520 + 7*m**6/720 - m**5/20 + m**4/4 + m. Let l(j) be the third derivative of n(j). Suppose 3 = i - 1. What is l(i)?
6
Let w(f) = -7*f**3 - 6*f**2 - f - 7. Let h(m) = 7*m**3 + 5*m**2 + m + 6. Let o(x) = 6*h(x) + 5*w(x). Calculate o(-1).
-7
Let t = -7 - -9. Let z be -3 - (-1)/t*-4. Let f(d) = 4*d**2 - 3 + d**3 + d - 1 - 7*d. Give f(z).
1
Let v(a) be the third derivative of -a**4/24 + a**2. Let o(j) be the first derivative of -j**2/2 + 2. Let z(i) = 7*o(i) - 6*v(i). Determine z(5).
-5
Let k(j) be the third derivative of -j**4/24 - j**3/3 - 2*j**2. Let l(p) = p + 5. Let d be l(-4). Let v = d + 1. Give k(v).
-4
Let n(s) be the first derivative of -s**4/4 + 7*s**3/3 - 7*s**2/2 - 4*s - 12. What is n(6)?
-10
Let s(l) = 2 - 12*l - 1 + 27*l - 14*l. Let g(h) = 10*h + 5. Let m(n) = g(n) - 6*s(n). What is m(3)?
11
Let p(w) be the second derivative of -w**5/20 - 2*w**4/3 + 4*w**3/3 - w**2 + 38*w. What is p(-9)?
7
Let x(w) = -w**2 - w + 3. Let r(d) = 5*d**2 + 4*d - 16. Let p(v) = 2*r(v) + 11*x(v). What is p(2)?
-9
Let t(r) = r - 11. Suppose x - 5*x = 40. Let i = x + 15. Suppose 0 = -3*h + i*h - 10. Determine t(h).
-6
Suppose -3*a = -3*h - 6*a - 12, -2*a - 11 = 5*h. Let p(b) = b**2. Let y(u) = 5*u**2 + u + 1. Let w(c) = 4*p(c) + y(c). What is w(h)?
9
Let r be (2/1 - 0) + 0. Let i(y) = -y**r + 3*y**2 - 3 + 2*y + y**3 + 1 + 3. Let d be (2 - 0)*(-4 - -3). Determine i(d).
-3
Let c(d) = d**2 + 8*d. Let t(k) = 1. Let x(s) = -c(s) - 5*t(s). Give x(-7).
2
Let f(h) be the second derivative of 2*h**3/3 + 8*h. What is f(1)?
4
Let h be 2/(1 - -1)*11. Let i(r) = -1 - r**2 + 2*r + 11*r - h*r. Suppose 5*x - 2*y = 28, -10 - 2 = 3*y. Give i(x).
-9
Let m(r) = -6 + r + 2 + 4 - 3. Suppose 0*t = -3*t - 12. Let c = t - -7. Determine m(c).
0
Suppose 8*s = -2*s - 40. Let g(o) = -4*o**2 + 7*o - 1. Let m(f) = 5*f**2 - 8*f + 1. Let h(v) = -6*g(v) - 5*m(v). Determine h(s).
-7
Let x(u) be the second derivative of u**7/840 - u**6/60 + u**3/2 - 2*u. Let h(d) be the second derivative of x(d). Give h(6).
0
Let r(i) = 0*i**2 - i**2 - 2 - 4*i + 5*i. Determine r(-2).
-8
Let s(j) = -j**3 - 3*j**2 - 4*j - 2. Let t be s(-2). Let g(w) = 3*w**t - 3*w - w**3 - 1 + 5 + 2*w**2. Give g(3).
13
Suppose 5*u = u - 3*k - 34, 4*k - 27 = 5*u. Let c = u + 5. Let h(z) = z**3 + z**2 + 3*z + 1. Give h(c).
-9
Suppose -2*z - 5*l - 21 = 0, 3*z + 2*l = -2*l - 14. Let p(g) = -z*g**2 + 53 - 52 + g**2 - 4*g. Calculate p(-3).
4
Suppose q - 2*c = -3 - 7, 10 = 2*q + 2*c. Suppose -4*u - 4*t + 4 = q, u + 7*t - 1 = 2*t. Let j(w) = -2*w. Give j(u).
-2
Let h(x) = -x + 2. Let v be h(0). Let d(q) = -2*q**3 + 3*q**3 - 2*q**v + 3 - 2. Suppose -4*a - 1 = 3*n, a + a + 2 = 0. Calculate d(n).
0
Let k be 3/(5/(20/3)). Suppose 8 = -k*a + 2*a. Let d(f) = f**2 + 5*f - 3. Calculate d(a).
-7
Let z(t) be the third derivative of t**5/60 + t**4/24 - t**3/6 + t**2. Let b be 1/(-3) + (-21)/(-9). Determine z(b).
5
Suppose -8 = 2*l, 5*a - 2*l - 12 = 11. Suppose a*m - m - 4*j = 2, -m + 3*j = 0. Let h(g) = g**2 - 2*g - 1. What is h(m)?
2
Let j = -4 + 10. Let f(y) = -2*y + 8. Let l be f(j). Let m(q) = -q**3 - 5*q**2 - 5*q + 4. Calculate m(l).
8
Let o(u) be the second derivative of -u**4/12 + u**3/6 - u**2/2 + 7*u. Let g(c) = -c**2 - 6*c - 2. Let k be g(-5). Calculate o(k).
-7
Let k(a) = 3 - 4 - 24*a**2 + 1074*a - 1076*a. Determine k(-1).
-23
Let o(a) = a**3 - 3*a**2 - 6*a - 7. Let i = 62 - 57. Calculate o(i).
13
Let h(x) = -x**2 - 6*x + 0*x**2 - 35 + 30. Let b(w) = -w**2 + 6*w - 2. Let t be b(3). Let a(n) = n - 12. Let d be a(t). Determine h(d).
0
Let c(q) = -q**3 + 2*q**2 - q + 1. Let x(j) = -j**3 + j + 1. Let n(t) = c(t) - 2*x(t). Let z(p) = -p**2 + 1. Let k be z(-2). Determine n(k).
-1
Let c(b) = -5*b**2 - 13*b - 13. Let q(z) = -3*z**2 - 7*z - 7. Let i(w) = -6*c(w) + 11*q(w). What is i(-1)?
-3
Let p(a) = 4*a**3 - 8*a**2 - 5*a. Let i(x) = 5*x**3 - 9*x**2 - 5*x + 1. Let f(t) = -3*i(t) + 4*p(t). Give f(6).
3
Let f(z) be the second derivative of 1/6*z**3 + 3*z + 0*z**4 + 0*z**2 + 0 - 1/20*z**5. Calculate f(2).
-6
Let v(a) be the third derivative of -a**5/60 + a**4/4 - 5*a**3/6 + a**2. Let m = 15 + 10. Suppose -6*d + m = 1. Give v(d).
3
Let c(q) = -2*q - 7. Let l(t) = t + 6. Let x(h) = -5*c(h) - 6*l(h). What is x(2)?
7
Let u(a) = 0*a - 1 + 2*a + 4*a + 6*a**2 + a**3. Let v = -40 - -35. Determine u(v).
-6
Let r(w) = -w**2 + 5. Let t be r(-4). Let q be ((-1)/(-2))/(3/(-36)). Let m = t - q. Let p(x) = -x**3 - 4*x**2 + 8*x + 7. Determine p(m).
-8
Let u(w) = 6*w**3 + 2*w**2 + w. Suppose 1 = -n - g, 20 = 4*n - 5*g - 12. Let f = -4 + n. What is u(f)?
-5
Let t be 54/(-10) + 2/5. Let y = 5 + -3. Let g(l) = -2 - 2*l**2 - 2*l**y + l**3 - 2*l**3 + 5*l. What is g(t)?
-2
Suppose -2 - 1 = -t. Let v(u) be the second derivative of -u**3/3 - 3*u**2/2 - u. Give v(t).
-9
Let p = 1 - 3. Let v be p/2 + 10 + -6. Let u(t) = -2 - 3*t**v - 4*t + 5*t**2 + 2*t**3 + 3. What is u(3)?
7
Let g(t) = 4 + 2*t + 0*t + 4*t**2 - 4*t + 11*t**3 + 7. Let v(a) = -7*a**3 - 3*a**2 + a - 7. Let z(r) = -5*g(r) - 8*v(r). Determine z(-3).
4
Let w(n) be the first derivative of n**6/120 - n**5/10 + n**4/4 - n**3/2 - n**2 + 3. Let q(i) be the second derivative of w(i). What is q(5)?
2
Let p(d) = -6*d**3 + d**2 + d - 1. Let u(x) = -x**2 + 4*x + 3. Suppose 2*l - 4 = -3*g, l + 5 = 3*g - 11. Let y be u(g). Let w = -2 + y. Determine p(w).
-5
Let c(d) = -d**2 + 5*d - 4. Let w be c(4). Suppose 0*a = 4*i - 3*a - 6, 5*a = -10. Let u(f) = f + 8 + w*f**2 - 4 + i*f**2 - f**2. What is u(3)?
-2
Let g(x) = -4*x**2 + 4 - x**3 + 0 + 1 + 3*x + 3*x. Let v be g(-5). Let q(s) = -s**2 + 5. Determine q(v).
5
Suppose 0*i = -3*i. Let r(s) be the third derivative of -s**2 + i*s - 1/8*s**4 + 0 - 1/6*s**3. Give r(2).
-7
Let t be 3*1/3*3. Let k(s) be the second derivative of -1/6*s**t + 0 + 4*s - 3*s**2. Determine k(0).
-6
Let z(v) = 5*v**3 + 13*v**2 + 4*v - 1. Let f(g) = g**3 + g